{"id":5332,"date":"2026-04-28T07:18:20","date_gmt":"2026-04-28T11:18:20","guid":{"rendered":"https:\/\/ptusep.com\/?post_type=event&#038;p=5332"},"modified":"2026-04-28T07:19:20","modified_gmt":"2026-04-28T11:19:20","slug":"seance-dinformation-de-lapeq-sur-les-regimes-de-retraite","status":"publish","type":"event","link":"https:\/\/ptusep.com\/fr\/event\/seance-dinformation-de-lapeq-sur-les-regimes-de-retraite\/","title":{"rendered":"S\u00e9ance d&rsquo;information de l&rsquo;APEQ sur les r\u00e9gimes de retraite"},"content":{"rendered":"<p>L&rsquo;Association provinciale des enseignantes et enseignants du Qu\u00e9bec (APEQ) organise des s\u00e9ances d&rsquo;information\u00a0sur la retraite en mai 2026 pour les membres de l&rsquo;APEQ.\u00a0Ces s\u00e9ances sont destin\u00e9es principalement \u00e0 celles et ceux qui sont en fin de carri\u00e8re, bien que la premi\u00e8re s\u00e9ance puisse s&rsquo;av\u00e9rer int\u00e9ressante pour tout le personnel enseignant de l&rsquo;APEQ.<\/p>\n<p><a href=\"https:\/\/drive.google.com\/file\/d\/1fE15nZoTqD49-dUOAK-_oHTWwedGqdcv\/view?usp=sharing\">Les informations relatives \u00e0 l&rsquo;inscription se trouvent dans le document ci-joint<\/a>.\u00a0<strong>Vous pourrez vous inscrire \u00e0 compter de ce mardi 28 avril 2026<\/strong>.<\/p>\n","protected":false},"featured_media":2152,"template":"","class_list":["post-5332","event","type-event","status-publish","has-post-thumbnail","hentry"],"acf":[],"aioseo_notices":[],"_links":{"self":[{"href":"https:\/\/ptusep.com\/fr\/wp-json\/wp\/v2\/event\/5332","targetHints":{"allow":["GET"]}}],"collection":[{"href":"https:\/\/ptusep.com\/fr\/wp-json\/wp\/v2\/event"}],"about":[{"href":"https:\/\/ptusep.com\/fr\/wp-json\/wp\/v2\/types\/event"}],"wp:featuredmedia":[{"embeddable":true,"href":"https:\/\/ptusep.com\/fr\/wp-json\/wp\/v2\/media\/2152"}],"wp:attachment":[{"href":"https:\/\/ptusep.com\/fr\/wp-json\/wp\/v2\/media?parent=5332"}],"curies":[{"name":"wp","href":"https:\/\/api.w.org\/{rel}","templated":true}]}}

Séance d&rsquo;information de l&rsquo;APEQ sur les régimes de retraite

<p>L&rsquo;Association provinciale des enseignantes et enseignants du Québec (APEQ) organise des séances d&rsquo;information sur la retraite en mai 2026 pour les membres de l&rsquo;APEQ. Ces séances sont destinées principalement à celles et ceux qui sont en fin de carrière, bien que la première séance puisse s&rsquo;avérer intéressante pour tout le personnel enseignant de l&rsquo;APEQ.</p>
<p><a href="https://drive.google.com/file/d/1fE15nZoTqD49-dUOAK-_oHTWwedGqdcv/view?usp=sharing">Les informations relatives à l&rsquo;inscription se trouvent dans le document ci-joint</a>. <strong>Vous pourrez vous inscrire à compter de ce mardi 28 avril 2026</strong>.</p>
